termine y(0).
152
Let d(a) = -2*a**2 + 53*a - 259. Give d(20).
1
Let o(q) = q**2 + 24*q - 111. Determine o(-26).
-59
Let c(g) = g**2 + 27*g + 70. Determine c(-24).
-2
Let x(s) = -19*s**2 - 20*s + 5. Determine x(-1).
6
Let c(n) = -51*n + 402. Determine c(8).
-6
Let b(s) = -s**2 + 7*s + 19. Determine b(-6).
-59
Let k(i) = -i**2 - 6*i + 3. Give k(-5).
8
Let r(c) = 50*c - 901. What is r(18)?
-1
Let x(q) = q**3 - 27*q**2 + 22*q + 3. Give x(26).
-101
Let c(z) = 5*z**3 - z + 1. Give c(1).
5
Let g(q) = -4*q - 1. Calculate g(5).
-21
Let u(s) = -s + 14. What is u(0)?
14
Let i(u) = -u**2 + 11*u - 36. Give i(6).
-6
Let r(o) = 10*o + 34. Determine r(4).
74
Let q(n) = n + 37. Give q(-15).
22
Let v(a) = a**3 + 6*a + 11. Give v(-2).
-9
Let p(v) = v**3 + 5*v**2 + 12*v + 92. What is p(-6)?
-16
Let x(s) = 2*s**3 + 15*s**2 + 8*s - 72. Give x(-6).
-12
Let w(q) = -q**3 - 22*q**2 - 24*q - 65. Determine w(-21).
-2
Let w(p) = 4*p + 22. Give w(-11).
-22
Let k(g) = 2*g - 76. Give k(17).
-42
Let n(l) = -2*l**3 - 8*l**2 + 7*l + 8. What is n(-6)?
110
Let b(w) = -w**3 + 7*w**2 + 30*w - 206. Calculate b(7).
4
Let i(u) = -11*u - 5. Give i(-7).
72
Let o(c) = -2*c + 2. Give o(3).
-4
Let a(h) = -h**2 - 7*h - 11. What is a(-11)?
-55
Let o(a) = -5*a - 55. Calculate o(-13).
10
Let c(d) = -3*d - 3. Determine c(-4).
9
Let p(z) = -7*z + 9. What is p(-12)?
93
Let j(l) = l**2 + 17. Calculate j(0).
17
Let a(s) = 2*s - 9. Give a(13).
17
Let k(u) = u**3 - 5*u**2 - 83*u - 8. Calculate k(-7).
-15
Let h(x) = x**2 + 9*x + 12. Determine h(-8).
4
Let n(i) = -i**2 - 5*i + 6. Calculate n(0).
6
Let a(w) = -27*w + 389. Give a(13).
38
Let f(v) = 5*v - 9. Determine f(16).
71
Let m(k) = -2*k**3 - 3*k + 5. Give m(2).
-17
Let q(x) = 3*x - 32. Give q(12).
4
Let s(n) = n**3 - 13*n**2 + n - 5. Give s(13).
8
Let x(w) = w**3 + 10*w**2 - w - 14. What is x(-10)?
-4
Let x(l) = -l**3 - l - 5. Calculate x(0).
-5
Let v(f) = -f**3 + 15*f**2 + 100*f + 6. Give v(20).
6
Let r(q) = q**3 - 9*q**2 - 2*q + 5. What is r(9)?
-13
Let i(y) = 6*y**2 - 24*y + 20. Give i(1).
2
Let v(l) = l**2 - 15*l - 36. Calculate v(16).
-20
Let m(t) = -2*t**2 - t - 3. Calculate m(3).
-24
Let z(m) = m**3 - 7*m**2 - 12*m + 7. Calculate z(8).
-25
Let y(p) = -2*p**2 + 70*p + 586. Calculate y(42).
-2
Let g(x) = x - 86. Give g(0).
-86
Let g(t) = t**3 + 15*t**2 - 9*t - 24. What is g(-16)?
-136
Let m(c) = c**3 - 7*c**2 + 6. Give m(7).
6
Let i(f) = -f**3 + 12*f**2 - 12*f - 3. Determine i(11).
-14
Let q(l) = 5*l - 8. Determine q(2).
2
Let a(v) = -4*v + 233. Calculate a(58).
1
Let y(d) = d + 8. Determine y(2).
10
Let o(r) = 5*r + 20. Determine o(4).
40
Let y(r) = -r**3 - 8*r**2 - 6*r + 16. Determine y(-7).
9
Let y(u) = -4*u - 16. What is y(0)?
-16
Let f(n) = -n. What is f(7)?
-7
Let l(i) = 2*i**2 - 11*i + 10. What is l(7)?
31
Let u(t) = -t**2 - t + 5. Determine u(4).
-15
Let g(m) = 2*m**2 + 17*m - 39. Calculate g(-10).
-9
Let i(j) = 104*j + 17. What is i(-2)?
-191
Let q(k) = -2*k**2 + 5*k - 2. Calculate q(3).
-5
Let v(p) = p**3 + 6*p**2 + 8*p + 2. Calculate v(-3).
5
Let g(y) = 16*y - 54. What is g(3)?
-6
Let p(l) = -l - 5. Give p(14).
-19
Let s(z) = 18*z + 14. Determine s(-4).
-58
Let o(f) = 8*f**3 - 9*f**2 - 7*f + 1. Calculate o(-1).
-9
Let w(u) = -2*u**3 - u**2 - 2. What is w(-2)?
10
Let n(q) = -q**3 + 3*q**2 - 3*q + 17. Calculate n(3).
8
Let d(p) = p**3 - 7*p**2 - 18*p + 27. Calculate d(8).
-53
Let i(d) = -d + 31. Determine i(13).
18
Let z(y) = 25*y - 1874. What is z(75)?
1
Let v(c) = 33*c - 3. What is v(2)?
63
Let h(i) = -2*i**3 + 4*i + 5. Calculate h(-2).
13
Let c(u) = -u**2 - 3*u - 1. Determine c(-5).
-11
Let t(f) = -3*f + 46. Calculate t(9).
19
Let b(k) = -27*k + 2. What is b(-1)?
29
Let r(t) = t**2 + 22*t + 82. Give r(-17).
-3
Let n(t) = 19*t + 125. Calculate n(-6).
11
Let l(j) = -2*j**2 - 5*j + 5. Give l(2).
-13
Let p(m) = -m**2 - m + 6. What is p(-4)?
-6
Let a(t) = -4*t + 6. Determine a(4).
-10
Let t(x) = 2*x**2 - 21*x - 1. Give t(11).
10
Let y(j) = -5*j + 4. Calculate y(6).
-26
Let c(f) = f**3 - 49*f**2 + 47*f + 70. Determine c(48).
22
Let z(b) = b**3 + 9*b**2 - 8*b + 15. Give z(-10).
-5
Let s(o) = 3*o - 2. Calculate s(4).
10
Let m(r) = r**3 - 8*r**2 - 8*r - 16. Give m(9).
-7
Let i(o) = -o**3 + 11*o**2 - 6*o + 10. Calculate i(11).
-56
Let f(t) = 4*t - 34. Calculate f(13).
18
Let x(o) = -3*o + 26. Determine x(12).
-10
Let c(p) = p**2 + 48*p + 171. What is c(-44)?
-5
Let g(d) = d**3 - 13*d - 8. Give g(4).
4
Let z(d) = d**3 - d**2 - 4*d. What is z(2)?
-4
Let w(x) = -11*x - 28. What is w(7)?
-105
Let q(f) = -f**2 + 14*f - 61. Give q(6).
-13
Let f(o) = -o**2 - 5. Calculate f(0).
-5
Let b(d) = d**3 - 18*d**2 + 2*d - 31. Give b(18).
5
Let x(n) = -n**3 - 5*n**2 + 15*n + 9. Give x(-7).
2
Let k(c) = -c + 6. Calculate k(5).
1
Let f(r) = 12*r + 48. Calculate f(-5).
-12
Let f(d) = d**3 - d**2 - d - 102. What is f(0)?
-102
Let i(f) = 75*f - 549. Determine i(7).
-24
Let j(r) = -r**3 - 7*r**2 + 12*r + 10. Calculate j(-8).
-22
Let l(r) = -5*r + 25. Give l(13).
-40
Let j(r) = r**2 + r + 79. What is j(0)?
79
Let g(k) = k**3 + 5*k**2 + 4*k. What is g(-5)?
-20
Let p(a) = a - 10. Determine p(8).
-2
Let h(d) = 35*d**3 + d + 1. What is h(-1)?
-35
Let g(v) = v**3 + 20*v**2 + 18*v - 35. Give g(-19).
-16
Let j(n) = n**2 + 33*n - 83. Calculate j(-30).
-173
Let z(j) = -2*j**3 - 63*j**2 + 32*j + 11. What is z(-32)?
11
Let y(s) = -43*s - 35. What is y(-2)?
51
Let i(u) = -u**2 - 15*u - 18. What is i(-14)?
-4
Let a(b) = b**2 - 14*b + 16. Determine a(7).
-33
Let p(z) = z**3 + 10*z**2 - 39*z + 5. Give p(-13).
5
Let o(l) = l**3 - 8*l**2 + 10*l + 22. Determine o(4).
-2
Let h(x) = -77*x - 472. Calculate h(-6).
-10
Let c(s) = 12*s + 18. Calculate c(-5).
-42
Let o(s) = 7*s**3 - 2*s - 1. What is o(-1)?
-6
Let w(h) = h**2 + 12. What is w(-8)?
76
Let v(b) = 307*b + 1223. What is v(-4)?
-5
Let z(a) = -2*a**2 + 4*a + 18. Give z(-2).
2
Let m(b) = 2*b**2 + 26*b - 31. Determine m(-14).
-3
Let w(m) = 26*m**2 + 7*m + 7. Give w(-1).
26
Let y(n) = n**3 + 5*n**2 + 2*n - 7. Give y(-5).
-17
Let x(p) = p**3 + 14*p**2 + 2*p - 5. Determine x(-14).
-33
Let f(m) = m**2 + 4*m - 18. Give f(-8).
14
Let q(c) = 2*c**2 - 15*c - 7. Determine q(0).
-7
Let w(b) = -12*b**2 + b - 1. Give w(1).
-12
Let j(x) = x**3 + 9*x**2 - 2*x - 12. What is j(-9)?
6
Let g(z) = -z**3 - 7*z**2 - 6*z - 1. Calculate g(-6).
-1
Let s(u) = -28*u - 562. Calculate s(-20).
-2
Let w(y) = y - 8. Calculate w(-6).
-14
Let w(m) = -m**2 + 17*m + 5. What is w(16)?
21
Let n(v) = -v**3 + v**2 + 14*v - 5. Determine n(4).
3
Let n(i) = -19*i - 2. Calculate n(2).
-40
Let b(v) = -v**3 + 2*v**2 + 22*v - 5. Give b(-4).
3
Let d(a) = 12*a - 71. What is d(6)?
1
Let u(j) = j**3 + j**2 + 2*j - 3. Calculate u(0).
-3
Let h(l) = -l**3 - 12*l**2 + 20*l + 21. Give h(-13).
-70
Let m(g) = -2*g**2 - 7*g + 20. Give m(-7).
-29
Let j(r) = r**2 - 25*r + 88. What is j(20)?
-12
Let d(k) = -k - 16. What is d(-11)?
-5
Let g(u) = 2*u + 13. Determine g(5).
23
Let v(o) = o**2 - 6*o + 1. Determine v(5).
-4
Let n(m) = -3*m - 27. Give n(-8).
-3
Let l(q) = q**3 - 28*q**2 + 120*q - 69. Determine l(23).
46
Let z(g) = -8*g - 10. Calculate z(-6).
38
Let i(k) = k**3 + 26*k**2 + 26*k + 28. Calculate i(-25).
3
Let h(s) = -s**2 - s + 1. What is h(3)?
-11
Let v(g) = 145*g**3 + 2*g**2 + g - 1. What is v(-1)?
-145
Let b(a) = a**2 + a - 3. Give b(0).
-3
Let y(o) = -o**3 - 15*o**2 - 14*o - 17. Determine y(-14).
-17
Let g(c) = -2*c + 3. What is g(0)?
3
Let a(l) = 3*l**2 + 7*l - 5. Calculate a(-7).
93
Let p(d) = -d**3 + 4*d**2 - 9*d + 16. Determine p(6).
-110
Let o(n) = -16*n**2 - 2*n + 15. What is o(3)?
-135
Let v(b) = b**3 - 7*b**2 + 4*b + 9. What is v(6)?
-3
Let j(n) = -4*n - 2. Give j(11).
-46
Let u(p) = -8*p + 55. Give u(6).
7
Let r(x) = 179*x - 530. Calculate r(3).
7
Let v(z) = z**3 + 11*z**2 + 12*z + 4. Determine v(-9).
58
Let o(n) = -4*n + 6. Calculate o(7).
-22
Let h(f) = f**2 + 11*f + 3. Calculate h(-8).
-21
Let y(k) = -k**3 - 18*k**2 - k - 10. Give y(-18).
8
Let v(a) = a**2 + 8*a - 2. Determine v(-7).
-9
Let c(g) = -11*g + 1. Give c(5).
-54
Let c(b) = 11*b + 11. Give c(-5).
-44
Let a(t) = -t**2 - 4*t - 3. What is a(-9)?
-48
Let g(n) = 2*n**2 - 12*n - 7. Determine g(6).
-7
Let q(r) = -r**3 - r**2 - 4*r + 1. What is q(2)?
-19
Let n(v) = v**3 + 6*v**2 + 6*v - 3. What is n(-5)?
-8
Let 